-7)/196)?
3, 7
Suppose 0 = -q - 3*o - 1, -4*o + 8 = 2*q - 3*o. Suppose 3*p - l - 25 = 0, 43 = q*p + l - 3*l. What are the prime factors of p?
7
Let r(l) = -4*l**2 + 6*l + 1. Let q(i) = 3*i**2 - 6*i - 2. Let y(m) = 3*q(m) + 2*r(m). Let j be y(5). Let g = 6 - j. What are the prime factors of g?
3, 5
Suppose -5*x = -3*x + 3*o - 98, -3*o + 147 = 3*x. List the prime factors of x.
7
Suppose -17 = 5*g - 132. List the prime factors of g.
23
Suppose 6*h + 28 = 4*h. Let p = h + 25. List the prime factors of p.
11
Let j be (102/24)/((-2)/(-8)). Suppose 0 = 4*w - 5*b - 30, -5*b + 14 = 2*w - 16. Let l = j - w. List the prime factors of l.
7
Let s(b) = -b**3 + b**2 + b + 2. Let k be s(0). Suppose -m - k*r = -3, 2*m + 3*r - 6*r = -1. List the prime factors of (13 - 2) + (-1)/m.
2, 5
What are the prime factors of ((-90)/20)/((-3)/10)?
3, 5
Let n(j) = 30*j**3 + 3*j - 2. Let x(i) = -i**3 + 2*i**2 + 2*i - 3. Let h be x(2). List the prime factors of n(h).
31
Let z = -7 - -6. What are the prime factors of (24/(-14))/(z/7)?
2, 3
Suppose m + 3*m - 60 = 0. What are the prime factors of m?
3, 5
Suppose -4*a + 11 = l, 0 = 5*l - l + 5*a - 44. Suppose l = 2*h - 49. What are the prime factors of h?
2, 3, 5
Let z = 17 - -23. What are the prime factors of z?
2, 5
Suppose f = 9 + 6. What are the prime factors of f?
3, 5
Let s(r) = -r**2 - 30*r + 3. List the prime factors of s(-13).
2, 7
Let q(w) = w**3 + 10*w**2 + 3*w - 19. List the prime factors of q(-9).
5, 7
Let c(y) = 14*y + 11. List the prime factors of c(5).
3
Let y = 119 + 12. What are the prime factors of y?
131
Let q(i) = i**2 - 9*i - 3. Suppose -5*a + 31 = -24. What are the prime factors of q(a)?
19
Let w(b) = 61*b**3 - 4*b**2 + 13*b - 4. Let s(j) = -20*j**3 + j**2 - 4*j + 1. Let g(f) = 7*s(f) + 2*w(f). List the prime factors of g(-1).
2, 3
Let m(o) = -o**2 + 5*o - 4. Let y be m(3). List the prime factors of ((-45)/(-10))/(y/4).
3
Let c = -7 + 2. Let t be 72/(-20)*c/1. Let f = t - 13. What are the prime factors of f?
5
Let m(y) = y + 1. Let g = 24 + -6. Suppose 5*a - g = 7. List the prime factors of m(a).
2, 3
Let t(o) = 3*o - o**3 - 3*o**2 - 4*o - 3*o**2 - 4*o. Let p be t(-6). Let n = p - 13. List the prime factors of n.
17
Let x(t) = -t**2 - 1 - 2 - 5*t**3 + 2*t + 4*t**3 + 2*t**3. List the prime factors of x(2).
5
Let n be (0 + 3 + -1)*8. List the prime factors of (1 - -1) + n + -2.
2
Let o = 33 - 4. List the prime factors of o.
29
Let s(d) be the second derivative of -d**5/20 + d**4/2 - d**3/2 + 2*d. What are the prime factors of s(5)?
2, 5
Let d be ((-6)/8)/(1/(-4)). Let g = 100 + -58. Suppose d*c = 5*w - g, -w - 4*w = 3*c - 48. What are the prime factors of w?
3
List the prime factors of (81/12)/(2/16).
2, 3
Let d = 14 + -9. Suppose d*j - 60 = -5*h + 15, -4*j = -2*h - 48. Suppose -7 = -4*t + j. List the prime factors of t.
5
Let f be 10/2 + 3 + -5. Suppose 5*m - f*m - 6 = 0. Suppose -3*b = 3*d + 6, -m*d = 3*b + d + 11. List the prime factors of b.
3
Suppose -4*x = -r + 11, 3*x = -2*r + x - 8. Let y be 3 + -1 - (-1)/r. What are the prime factors of 5 - (y - 0/1)?
2
List the prime factors of 1*(-40)/(4/(-1)).
2, 5
Let t be (2/4*10)/1. Suppose t*l - l - 54 = 5*v, -l = -2*v - 15. List the prime factors of l.
11
Suppose 3*d + 13 = -11. List the prime factors of 18/4*d/(-4).
3
Let o(x) = x**3 + 2*x**2 - 14*x - 3. What are the prime factors of o(-4)?
3, 7
Let d(o) = -2*o + 1. Let x(t) = -5*t + 3. Suppose -2*v + 16 = -2*a + 4*a, 5 = -5*v + 4*a. Let k(p) = v*x(p) - 7*d(p). List the prime factors of k(-5).
7
Let i(r) = 2*r**2 - 7*r + 5. Let k be i(6). Suppose 0*c - a - 175 = -5*c, c - 3*a = k. Suppose 0*d + c = 5*d. What are the prime factors of d?
7
Let v = -8 - 12. Let a = v - -39. What are the prime factors of a?
19
Let v(f) = -1 + 0*f + 0 + f**2 - 4 + 6*f. Let s be v(-7). Suppose x + s*x - 51 = 0. What are the prime factors of x?
17
Let t = -5 + 8. Let b = 6 - t. Suppose -37 = -b*c - 10. What are the prime factors of c?
3
Let v = 204 + -138. List the prime factors of v.
2, 3, 11
Suppose 4*q = n + 977, 6*q = q + n + 1221. What are the prime factors of q?
2, 61
Let c be 25/5 + -1*1. Suppose -j + 13 + c = 0. What are the prime factors of j?
17
Let g be 2/2 + 0 - 5. Let z = g - -4. Suppose z*s + 2*s - 2 = 4*c, -5*s + 2*c + 13 = 0. List the prime factors of s.
3
List the prime factors of ((-369)/(-4))/9*8.
2, 41
What are the prime factors of (9/(-6))/(6/(-8)) - -152?
2, 7, 11
Suppose 22 = -g + 3*z, -29 = g + 3*z + z. Suppose d - 3 = 39. Let o = g + d. List the prime factors of o.
17
Suppose -2*z + 2*i = -10, -2*z - z + i = -15. Suppose 3 = z*l - 2. What are the prime factors of (3 - 2/2) + l?
3
Let h = 8 - -25. List the prime factors of h.
3, 11
Suppose 3*u - 4*o - 343 = 0, 5*o - 307 = -u - 2*u. Let g = -57 + u. Suppose 2*m = g - 16. List the prime factors of m.
2, 3
Let p be 1 + -4*(-2)/4. Suppose -n = 4*w + 2*n - 83, -2*w = p*n - 49. What are the prime factors of w?
17
Suppose 2*q + 6 = 5*q. Suppose 0 = 2*t + q*p - 2, -p + 13 = t + 4*t. List the prime factors of t.
3
Let o be 1 - ((2 - 3) + -1). Suppose 4*d - 2 = o*w, -d - 6 = -5*w + d. Suppose -1 = -u + w. What are the prime factors of u?
3
List the prime factors of ((-10)/25*-15)/((-4)/(-234)).
3, 13
Let f(l) be the second derivative of -2*l + 0 + 1/6*l**3 - 3/2*l**2. List the prime factors of f(7).
2
Let q(x) = 20*x - 13. List the prime factors of q(6).
107
Let v = -43 - -99. List the prime factors of v.
2, 7
Let h be 4/(-2)*(-5)/2. Suppose 0 = -4*r + h*k + 66, -65 = -3*r - 7*k + 3*k. List the prime factors of r.
19
Let g(c) = c**3 - 8*c**2 + 7*c + 1. Let y be g(7). List the prime factors of (36/(-16))/(y/(-4)).
3
Suppose 0 = 2*r - r - 21. List the prime factors of r.
3, 7
Let b(n) = 19*n**2 + 10*n + 30. List the prime factors of b(-4).
2, 3, 7
Let f(j) be the third derivative of -1/2*j**3 - j**2 + 0 + 0*j - 7/24*j**4. List the prime factors of f(-2).
11
What are the prime factors of 1*(156 - 1 - 2)?
3, 17
Suppose 0 = u + 4*u - 5. Let p be u/(-2) - 36/(-8). Suppose -12 = 3*f - p*f. List the prime factors of f.
2, 3
List the prime factors of (-4)/14 - (-13)/14*24.
2, 11
Let h(u) be the third derivative of u**6/60 - u**5/60 - u**4/12 + u**3/2 - u**2. What are the prime factors of h(2)?
11
Let r = 15 + 7. List the prime factors of r.
2, 11
Suppose -2*k - 14 + 2 = 0. What are the prime factors of 26 + k/((-8)/(-4))?
23
Suppose -13 = -2*k - 403. Let b be k/(-20) - (-2)/8. Let t = b + -6. What are the prime factors of t?
2
Suppose 5*h - 170 = 75. Suppose -5*y + h = -4*f + 6*f, 5*f - 3*y = 138. What are the prime factors of f?
3
Let x(k) = k**3 + 12*k**2 - 4. Let n be x(-12). List the prime factors of ((-34)/(-4))/(n/(-8)).
17
Let j(x) = 5*x**2 - 1. Let k be j(1). Let i(g) = -11*g**2 - g - 4. Let l(p) = -5*p**2 - 2. Let h(v) = 4*i(v) - 9*l(v). List the prime factors of h(k).
2
Let c(u) = -4*u**3 + 5*u**3 - 13 + 35. List the prime factors of c(0).
2, 11
Suppose 0 = -3*a + 4*y + 56, a - 2*y - 19 = -y. Suppose 2*c - 5*u = 35, 0*u + 3*u + a = c. What are the prime factors of c?
5
Let q(g) = -g + 13. Let l be 2 + (-11)/(1 - 2). Let b = l - 5. List the prime factors of q(b).
5
Let i(k) = -11*k - 2. What are the prime factors of i(-2)?
2, 5
Let d = 5 + -3. Suppose 0 = 5*y - 4*l - 136, 10 + d = y + 3*l. Suppose -y = -2*u - t, 2*u + u = -3*t + 39. List the prime factors of u.
11
Suppose 60 = h - 20. What are the prime factors of h?
2, 5
List the prime factors of (492/(-10))/(26/(-65)).
3, 41
Let w(m) = -m + 4. Let j(k) = k**3 + 6*k**2 + 2*k + 8. Let h be j(-6). Let f = -8 - h. What are the prime factors of w(f)?
2
Let v = 20 - 19. Let x be ((-5)/(-2))/((-2)/(-4)). Suppose x*j = i - 15 + v, -i = -j - 6. List the prime factors of i.
2
Suppose 4*d - 5*s + 7 = 32, 3*s - 49 = -4*d. Let n = d - 5. What are the prime factors of n?
5
Suppose -20*r = -19*r - 42. List the prime factors of r.
2, 3, 7
Let u be 16/56 - 24/(-14). Let o = u + 5. What are the prime factors of o?
7
Suppose -2*q + 47 + 19 = 0. List the prime factors of q.
3, 11
Suppose -s + 3*s = 3*q - 190, -3*s = 15. What are the prime factors of q?
2, 3, 5
Let x(m) = -m**2 - 3*m + 7. Let f be x(-5). Let r = -7 + 12. Let w = f + r. List the prime factors of w.
2
Let z(v) = -v + 3. Let y be z(5). Let k be (3 + -3)*(-1)/y. What 